{"id":59,"date":"2019-03-09T15:56:16","date_gmt":"2019-03-09T15:56:16","guid":{"rendered":"http:\/\/www.rossig.com\/?page_id=59"},"modified":"2026-04-13T14:59:15","modified_gmt":"2026-04-13T14:59:15","slug":"referenzen","status":"publish","type":"page","link":"https:\/\/www.rossig.com\/?page_id=59","title":{"rendered":"Referenzen"},"content":{"rendered":"\n<figure class=\"wp-block-image size-large is-resized\"><img loading=\"lazy\" decoding=\"async\" width=\"1024\" height=\"243\" src=\"https:\/\/www.rossig.com\/wp-content\/uploads\/2026\/04\/EHG_Logo-1024x243.png\" alt=\"\" class=\"wp-image-142\" style=\"aspect-ratio:4.214156933448303;width:194px;height:auto\" srcset=\"https:\/\/www.rossig.com\/wp-content\/uploads\/2026\/04\/EHG_Logo-1024x243.png 1024w, https:\/\/www.rossig.com\/wp-content\/uploads\/2026\/04\/EHG_Logo-300x71.png 300w, https:\/\/www.rossig.com\/wp-content\/uploads\/2026\/04\/EHG_Logo-768x182.png 768w, https:\/\/www.rossig.com\/wp-content\/uploads\/2026\/04\/EHG_Logo.png 1416w\" sizes=\"auto, (max-width: 1024px) 100vw, 1024px\" \/><\/figure>\n\n\n\n<p>+ Leadership Programm &#8211; Young Professionals<br>+ Leadership Programm &#8211; Advanced Professionals<br>+ Leadership Programm &#8211; International<br>+ Executive Coaching<br>Testimonial unter <a href=\"https:\/\/www.erwinhymergroup.com\/de\/karriere\/arbeiten-in-der-erwin-hymer-group#collapseContent-talente-entdecken--ihre-berufliche-entwicklung-0\">Talente entdecken. Ihre Berufliche Entwicklung<\/a><br><br><\/p>\n\n\n\n<figure class=\"wp-block-image\"><img loading=\"lazy\" decoding=\"async\" width=\"105\" height=\"35\" src=\"https:\/\/www.rossig.com\/wp-content\/uploads\/2019\/03\/logo_ebmpapst.gif\" alt=\"\" class=\"wp-image-31\"\/><\/figure>\n\n\n\n<p>+ F\u00fchrungsentwicklung<br>+ Nachwuchskr\u00e4fte Programm<br>+ Potenzialanalysen<br>+ Executive Coaching<br>+ Leadership Development epRO (Rum\u00e4nien)<br><br><\/p>\n\n\n\n<figure class=\"wp-block-image is-resized\"><img loading=\"lazy\" decoding=\"async\" width=\"270\" height=\"66\" src=\"https:\/\/www.rossig.com\/wp-content\/uploads\/2019\/03\/ensinger-logo-quer-neu.png\" alt=\"\" class=\"wp-image-29\"\/><\/figure>\n\n\n\n<p>+ Strategieentwicklung<br>+ F\u00fchrungskr\u00e4fteentwicklung<br>+ Entwicklung eines 360Grad-Feedbacks<br>+ Potenzialanalysen<br><br><\/p>\n\n\n\n<figure class=\"wp-block-image is-resized\"><img loading=\"lazy\" decoding=\"async\" width=\"211\" height=\"52\" src=\"https:\/\/www.rossig.com\/wp-content\/uploads\/2019\/03\/logo_schuler.gif\" alt=\"\" class=\"wp-image-32\"\/><\/figure>\n\n\n\n<p>+ Sales Excellence Projekt<br>+ Kundenorientierung im Service<br><br><\/p>\n\n\n\n<figure class=\"wp-block-image\"><img loading=\"lazy\" decoding=\"async\" width=\"68\" height=\"68\" src=\"https:\/\/www.rossig.com\/wp-content\/uploads\/2019\/03\/Logo_Niehoff.jpg\" alt=\"\" class=\"wp-image-88\"\/><\/figure>\n\n\n\n<p>+ Nachwuchskr\u00e4fteprogramm<br>+ F\u00fchrungskr\u00e4fteentwicklung<br>+ Executive Coaching<br><br><\/p>\n\n\n\n<figure class=\"wp-block-image\"><img loading=\"lazy\" decoding=\"async\" width=\"166\" height=\"96\" src=\"https:\/\/www.rossig.com\/wp-content\/uploads\/2019\/03\/logo_AuswAmt.gif\" alt=\"\" class=\"wp-image-30\"\/><\/figure>\n\n\n\n<p>+ Startseminar H\u00f6herer Dienst<br>+ Startseminar &#8211; Gehobener Dienst<br><br><\/p>\n\n\n\n<figure class=\"wp-block-image is-resized\"><img loading=\"lazy\" decoding=\"async\" width=\"170\" height=\"170\" src=\"https:\/\/www.rossig.com\/wp-content\/uploads\/2019\/03\/logo_vaihingen.gif\" alt=\"\" class=\"wp-image-33\" style=\"width:85px;height:85px\"\/><\/figure>\n\n\n\n<p>+ Potenzialanalysen Bewerbungsverfahren<br>+ F\u00fchrungsrk\u00e4fteentwicklung<br>+ Konfliktcoaching<\/p>\n\n\n\n<p><br><\/p>\n","protected":false},"excerpt":{"rendered":"<p>+ Leadership Programm &#8211; Young Professionals+ Leadership Programm &#8211; Advanced Professionals+ Leadership Programm &#8211; International+ Executive CoachingTestimonial unter Talente entdecken. Ihre Berufliche Entwicklung + F\u00fchrungsentwicklung+ Nachwuchskr\u00e4fte Programm+ Potenzialanalysen+ Executive Coaching+ Leadership Development epRO (Rum\u00e4nien) + Strategieentwicklung+ F\u00fchrungskr\u00e4fteentwicklung+ Entwicklung eines 360Grad-Feedbacks+ Potenzialanalysen + Sales Excellence Projekt+ Kundenorientierung im Service + Nachwuchskr\u00e4fteprogramm+ F\u00fchrungskr\u00e4fteentwicklung+ Executive Coaching + Startseminar [&hellip;]<\/p>\n","protected":false},"author":1,"featured_media":0,"parent":0,"menu_order":0,"comment_status":"closed","ping_status":"closed","template":"","meta":{"footnotes":""},"class_list":["post-59","page","type-page","status-publish","hentry"],"_links":{"self":[{"href":"https:\/\/www.rossig.com\/index.php?rest_route=\/wp\/v2\/pages\/59","targetHints":{"allow":["GET"]}}],"collection":[{"href":"https:\/\/www.rossig.com\/index.php?rest_route=\/wp\/v2\/pages"}],"about":[{"href":"https:\/\/www.rossig.com\/index.php?rest_route=\/wp\/v2\/types\/page"}],"author":[{"embeddable":true,"href":"https:\/\/www.rossig.com\/index.php?rest_route=\/wp\/v2\/users\/1"}],"replies":[{"embeddable":true,"href":"https:\/\/www.rossig.com\/index.php?rest_route=%2Fwp%2Fv2%2Fcomments&post=59"}],"version-history":[{"count":23,"href":"https:\/\/www.rossig.com\/index.php?rest_route=\/wp\/v2\/pages\/59\/revisions"}],"predecessor-version":[{"id":143,"href":"https:\/\/www.rossig.com\/index.php?rest_route=\/wp\/v2\/pages\/59\/revisions\/143"}],"wp:attachment":[{"href":"https:\/\/www.rossig.com\/index.php?rest_route=%2Fwp%2Fv2%2Fmedia&parent=59"}],"curies":[{"name":"wp","href":"https:\/\/api.w.org\/{rel}","templated":true}]}}